)/(-4) + 65/q. Let c(x) = 5*x - b*x + x - 13. Calculate c(-7).
-6
Let j(k) be the third derivative of -k**4/24 + 2*k**3/3 - k**2. Suppose b + 4*f = 13, -5*b + 2*f + 19 = -f. Give j(b).
-1
Suppose 4*g - 1 = 3*s, -3*g = 2*g + s - 6. Let o(k) = 11*k. Give o(g).
11
Let d be (4/(-10))/(1/(-40)). Let w be -1*(d/(-2))/4. Let o(l) = -l**2 + 0*l - l**w + l**2 + 6*l + 5. Give o(6).
5
Let g(k) be the first derivative of -4*k**2 + 10*k - 1. Let n(l) = 5*l - 7. Let b(v) = 5*g(v) + 7*n(v). Let z be (-357)/(-153)*36/42. Give b(z).
-9
Let t(v) = 4*v - 8. Suppose -5*w + w - 5*x = -6, 22 = 4*w - 3*x. Let u(i) = -5*i + 8. Let g(q) = w*t(q) + 3*u(q). Determine g(4).
-4
Let d(u) = -u**2 + 2*u + 7. Suppose w - 9 = -f, 2*f + 2*w + 2 = 5*f. Calculate d(f).
-1
Let g be (6 + (-110)/20)/((-1)/2). Let q(u) = 12*u + 2. Determine q(g).
-10
Let a(j) = -j**2 - 8. Let g be a(0). Let o = 13 + g. Suppose 0 = -5*f - 5*x, -x - o = 5*f + 3*x. Let v(t) = -t**3 - 5*t**2 - t - 6. Give v(f).
-1
Let c be (5/(1 - 0))/1. Let v(f) = -3*f + c*f - 4*f + 12. Determine v(9).
-6
Let q(h) = -6 - 3*h + 1 + 19*h - 2*h**2. Let v(l) = -3*l + 13. Let k be v(2). Let c(s) = -s**2 + 8*s - 3. Let o(m) = k*c(m) - 3*q(m). Calculate o(5).
9
Let q(s) be the third derivative of s**6/60 - 3*s**5/20 - s**4/6 - 4*s**3/3 + 82*s**2. Calculate q(5).
-3
Suppose 5*q + 32 = -43. Let t = -19 - q. Let m(p) be the second derivative of p**4/12 + p**3/2 - p**2/2 + 2*p. Determine m(t).
3
Let r = 273 + -279. Let q(a) = 2*a**2 + 11*a + 15. Determine q(r).
21
Let u(f) be the third derivative of -f**6/120 - 13*f**5/60 - f**4/12 - 19*f**3/6 + 185*f**2. What is u(-13)?
7
Let z(x) = -10 - 23 + 5*x + 37 + x**2. Let y be -1*5 + 0/(-9). What is z(y)?
4
Let d(z) be the second derivative of -8*z**3/3 + z**2/2 - 707*z. What is d(1)?
-15
Let x be (-35)/(-4) + -7 - 5/(-20). Let d(t) = -4*t**3 - 3*t**2 + 2*t. Give d(x).
-40
Let u(o) = o**3 - 4*o**2 - 7*o + 7. Let y be 2/(-7) - (-354)/14. Suppose -y = -6*l + l. Give u(l).
-3
Let f = 440 - 443. Let u(d) = 2*d**3 + 2*d**2 - 3*d + 4. Calculate u(f).
-23
Let k(x) = -16*x**2 + 9*x**2 + 5 + 9*x - 26*x. Let t(s) = -15*s**2 - 35*s + 10. Let c(f) = 13*k(f) - 6*t(f). Calculate c(-12).
-7
Let p(m) = m - 16*m**3 - 4*m**3 + 29*m**3. Give p(-1).
-10
Let u(r) be the first derivative of -r**4/6 - r**3/6 - r**2/2 - 24*r - 26. Let v(l) be the first derivative of u(l). Determine v(-1).
-2
Let c(z) = -z**3 + 5*z**2 - 7*z + 6. Let g = 447 + -441. What is c(g)?
-72
Let p(n) = -3*n + 12. Let a(r) = -8*r + 22. Let h(c) = 2*a(c) - 5*p(c). Determine h(-15).
-1
Suppose -3*x = -4*r + 3 + 20, 4*x + 14 = -3*r. Let v(w) = w**3 + 4*w**2 + 7*w - 1. Give v(x).
-61
Let h(v) = 4*v**2 + v. Let t = -60 + 60. Suppose 2 = -t*l + l. What is h(l)?
18
Let j(m) = -m - 4. Let d = 47 - 54. Let u(f) = -f - 9. Let l be u(d). Determine j(l).
-2
Let m(d) = -d - 5. Let n = 26 - 24. Let w be (288/15)/(-3) - n/(-5). Give m(w).
1
Let p(x) = -x**3 - 6*x**2 - 6*x - 2. Let q = -24 + 36. Suppose 0 = q*r - 10*r - 18. Suppose -16 = 3*f + f - 4*y, r = -f - 4*y. What is p(f)?
3
Let s(o) = 13*o - 317. Let j be s(24). Let i(r) = -r**3 - 6*r**2 - 4*r - 2. Calculate i(j).
-7
Let s(f) = 3*f**2 - 3*f + 7. Let y(r) = 7*r**2 - 7*r + 15. Let a(z) = -5*s(z) + 2*y(z). Let x(w) be the first derivative of a(w). Give x(-2).
5
Let d(z) = 2*z**2 + 3*z + 1. Let p be d(-2). Let m(r) = p*r - 4 + 0 - 2. Suppose 19 = y + 3*c, -13*c + 15*c - 14 = -y. What is m(y)?
6
Suppose -3*w + 7*w + 8 = 2*u, u - 1 = -w. Suppose -2*x = u*x. Suppose -v = 4*d + 12, x*d + 8 = -v - 2*d. Let s(i) = i**2 + 2*i - 1. What is s(v)?
7
Let t(h) = -h - 7. Suppose 0 = -3*r - 4*n + 85, 2*n + 173 = 4*r + 67. Suppose s - 2*o + 21 = 3*o, 3*s - 3*o = -r. Give t(s).
-1
Let g(k) = -3*k - 4. Let j(u) = 6*u + 7. Let c(i) = 5*g(i) + 3*j(i). Let r be c(-1). Let a(q) = -14 + 17 + 3*q + 0 + 4*q. Calculate a(r).
-11
Let u(y) be the first derivative of -y**4/6 + y**3/6 + 13*y**2/2 + 2. Let c(h) be the second derivative of u(h). Calculate c(-1).
5
Let u(y) = -y + 1. Suppose -2*h = -7*h + 10. Suppose -h*v = 2*v + 5*z - 130, 0 = -3*v + 3*z + 84. Suppose -2*l + 4*d = -l - 18, 2*d + v = 4*l. Determine u(l).
-5
Suppose -2*l + 31 = -0*l - 5*z, -1 = -2*l - z. Let k(i) = 5*i**2 + 3 + 1 - 2 - 2*i**3. Let w(d) = -d**3 + d. Let c(m) = l*w(m) - k(m). Give c(-5).
-17
Let k(m) = -m**3 - m**2 + m + 6. Let w be 4/(-12)*1*(-24)/2. Let v be (0/((-16)/w))/(-2). Determine k(v).
6
Let l be (-5)/(-3 + (-4)/(-2)). Let c(n) = l*n**2 + n**3 - 3*n + 0 + 1 + 2*n + 3*n. Suppose -3*f + i + 2 = 19, -4*f - 24 = -2*i. What is c(f)?
-9
Let c(p) = 12 - 14*p - 15*p - p**2 + 55*p - 15*p - 13*p. What is c(-6)?
-12
Let n(w) = -7*w**2 + 5*w + 4. Let q(b) = -6*b**2 + 5*b + 3. Let v(j) = -4*n(j) + 5*q(j). Suppose -18*t + 51 + 21 = 0. Determine v(t).
-13
Let z(k) = -k**2 + 3*k + 3. Suppose -6*v + 2*v = -8. Suppose 0 = v*i - 4*l + 2, -2*l - 8 = 2*i - 0*l. Determine z(i).
-15
Let a(b) be the second derivative of b**3/6 - 38*b. Let m(t) = 2*t**3 + 4*t - 3. Let j be m(2). Suppose j = -p + 5*s, -4*s - 6 + 38 = 3*p. Give a(p).
4
Let v(m) = -3*m**2 + 3*m**2 + 5*m + 1 + m**2 - 2. Let f(i) = -2*i**2 - 2*i - 9. Let n be f(-5). Let w = 44 + n. Determine v(w).
-1
Suppose 2*k = -2*s, -2*k - s + 8 = -3*k. Let p = -5 - -5. Let d(c) = -6*c + p*c - 4 - 2*c + 4*c. Calculate d(k).
12
Let a = -332 + 319. Let b(k) = -4*k - 33. Determine b(a).
19
Let k(h) = -3*h. Let o(j) = -3*j + 5*j + 1 + 8*j. Let p(w) = 14*k(w) + 4*o(w). Let d be ((-7)/70*5)/(205/(-50) + 4). Give p(d).
-6
Let c(q) be the third derivative of -q**5/120 + 7*q**4/24 - 4*q**3/3 - 20*q**2. Let d(p) be the first derivative of c(p). What is d(-7)?
14
Let w(k) = 2*k + 31. Let n be w(-16). Let i(g) = 3*g**2 + 3*g + 2. Calculate i(n).
2
Let q(z) = 2*z**3 - 25*z**2 + z - 25. Let t(d) = d**3 - 12*d**2 + d - 12. Let c(n) = 6*q(n) - 13*t(n). Calculate c(5).
-4
Let i(k) = -14*k**3 + 14*k**2 + 15*k - 6. Let r(z) = 5*z**3 - 5*z**2 - 5*z + 2. Let d(a) = -4*i(a) - 11*r(a). Let m be d(3). Let w(h) = 2*h - 7. What is w(m)?
3
Let c(t) be the first derivative of t**5/60 + t**4/4 + 2*t**3/3 - 3*t**2 - 3. Let m(u) be the second derivative of c(u). Suppose x = 3*x + 6. What is m(x)?
-5
Let q(x) = -4*x + 8. Let c be q(-4). Let a be (c/(-36))/((-1)/6). Let y(l) = a*l + 15*l**3 - 5*l - l**2 + 1 + 0. Calculate y(1).
14
Let n(c) = 28*c**2 + 26*c**2 - 53*c**2. Suppose 0*d - 2*m = -3*d - 4, -4*m = -5*d - 8. Determine n(d).
0
Let q = 519 - 509. Let u(s) = s**2 - 7*s - 24. What is u(q)?
6
Let t(d) = -d**2 + 9*d + 7. Let y(j) = -2*j - 1. Let w(u) = -t(u) - 2*y(u). What is w(-2)?
9
Let l(g) = 41*g + 46*g + 7 - 1 + 43*g - 129*g. Let o = 12 - 19. Let s = 7 + o. What is l(s)?
6
Let s(g) = -g**2 - 6*g - 6. Let j(t) = -t**2 - 7*t - 7. Let k(c) = 5*j(c) - 6*s(c). Let r(h) = h**2 + 8*h + 5. Let x be r(-7). Calculate k(x).
3
Let m be 10 - 11 - 4/(-3). Let y(q) be the second derivative of m*q**3 + 0 - 1/20*q**5 + 1/6*q**4 - 1/2*q**2 + 6*q. What is y(3)?
-4
Let m(o) be the first derivative of -o**3/6 - 3*o**2 + o - 2. Let u(w) be the first derivative of m(w). What is u(-5)?
-1
Suppose 4*o + 19 = -l, -5*l - 2*o + 275 - 280 = 0. Let n(p) = -31*p - 16. Let m(g) = 3 + g + 8*g - 3*g. Let y(h) = 11*m(h) + 2*n(h). What is y(l)?
5
Let f(o) be the first derivative of -o**6/60 + 2*o**3 + 10. Let c(n) be the third derivative of f(n). Give c(1).
-6
Let v(i) = -i**2 - 17*i - 22. Let b = 254 + -270. Give v(b).
-6
Let f(v) be the third derivative of 1/8*v**4 + 0*v + 0 - v**2 + 1/3*v**3 + 1/60*v**5. Let n = 22 + -25. Calculate f(n).
2
Let s(v) = -2*v**3 - 13*v**2 - 11*v + 11. Let d(c) = -c**3 - 7*c**2 - 6*c + 7. Let q(x) = -5*d(x) + 3*s(x). Determine q(-3).
-2
Let c(x) = -5*x**3 + x. Let n be c(-1). Let o(w) = n*w + 5 + 6 - 8. Calculate o(-6).
-21
Let f(i) = i**3 + i**2 - i + 2. Suppose 9 = 3*j - 2*x, -5*j + 0*x = -3*x - 14. Let p = 1 - j. Give f(p).
2
Let t(f) = -13*f + 55. Let o(v) = 29*v - 109. Let d(u) = 3*o(u) + 7*t(u). What is d(14)?
2
Suppose 0 = 3*w + 4*g - 5, 5*w + 0*g - 16 = g. Let s(r) = -4*r - w + r + 6*r. What is s(-4)?
-15
Suppose 5*g + 5*f - 5 = 0, -10*g + 13*g = -2*f + 8. Let x(v) = v**2 - 4*v - 7. Calculate x(g).
5
Let c(d) = 6*d + 4*d - 8*d + 0*d**2 - 2*d**2 - 2 - d. What is c(2)?
-8
Let n(h) = h - 5. Let o(u) = u + 17. Let m be o(-9). Suppose -5*